89953?
8
What is the millions digit of 44848448?
4
What is the millions digit of 42616190?
2
What is the hundreds digit of 777881520?
5
What is the thousands digit of 2494883177?
3
What is the units digit of 7387355?
5
What is the tens digit of 719313686?
8
What is the units digit of 165694826?
6
What is the units digit of 2757634368?
8
What is the hundred thousands digit of 491958398?
9
What is the thousands digit of 418953729?
3
What is the millions digit of 507222183?
7
What is the ten millions digit of 144381617?
4
What is the thousands digit of 208457463?
7
What is the thousands digit of 5093122?
3
What is the ten thousands digit of 48680082?
8
What is the units digit of 1499723368?
8
What is the tens digit of 6531433617?
1
What is the tens digit of 118956767?
6
What is the millions digit of 45903586?
5
What is the millions digit of 23788083?
3
What is the ten thousands digit of 66901664?
0
What is the ten thousands digit of 704765858?
6
What is the thousands digit of 788181300?
1
What is the ten millions digit of 3907436807?
0
What is the hundred thousands digit of 45918513?
9
What is the tens digit of 668879728?
2
What is the hundreds digit of 378075529?
5
What is the millions digit of 1083120?
1
What is the millions digit of 165039710?
5
What is the millions digit of 3859736397?
9
What is the millions digit of 2203254?
2
What is the millions digit of 237238114?
7
What is the ten millions digit of 1489967576?
8
What is the thousands digit of 576153644?
3
What is the millions digit of 111335683?
1
What is the ten thousands digit of 312991699?
9
What is the hundred thousands digit of 1334933724?
9
What is the units digit of 1389731334?
4
What is the tens digit of 867239532?
3
What is the ten thousands digit of 69543303?
4
What is the ten millions digit of 19892026?
1
What is the thousands digit of 173203421?
3
What is the ten millions digit of 541025613?
4
What is the thousands digit of 651216865?
6
What is the thousands digit of 278714139?
4
What is the billions digit of 1128468447?
1
What is the ten thousands digit of 914131040?
3
What is the hundred thousands digit of 29130448?
1
What is the hundreds digit of 217981315?
3
What is the units digit of 54605637?
7
What is the units digit of 168486837?
7
What is the millions digit of 74322137?
4
What is the thousands digit of 781560377?
0
What is the ten thousands digit of 51966292?
6
What is the thousands digit of 63936427?
6
What is the units digit of 2481546821?
1
What is the hundred millions digit of 122536226?
1
What is the thousands digit of 919613944?
3
What is the tens digit of 113452693?
9
What is the ten millions digit of 82808370?
8
What is the millions digit of 6869291349?
9
What is the ten thousands digit of 980513320?
1
What is the hundred millions digit of 3502864244?
5
What is the hundred millions digit of 463884601?
4
What is the hundreds digit of 227255663?
6
What is the hundred thousands digit of 39644382?
6
What is the hundreds digit of 13363664?
6
What is the ten thousands digit of 14095549?
9
What is the ten millions digit of 1312147892?
1
What is the ten millions digit of 864593976?
6
What is the hundreds digit of 81882084?
0
What is the millions digit of 634641152?
4
What is the thousands digit of 372888650?
8
What is the ten millions digit of 1800423611?
0
What is the hundreds digit of 46687529?
5
What is the ten thousands digit of 1549043553?
4
What is the thousands digit of 2070861097?
1
What is the hundreds digit of 49558732?
7
What is the hundred thousands digit of 39140177?
1
What is the hundred millions digit of 675599872?
6
What is the thousands digit of 151716565?
6
What is the ten thousands digit of 64328836?
2
What is the hundred millions digit of 185143314?
1
What is the hundred millions digit of 3447138314?
4
What is the thousands digit of 66131008?
1
What is the tens digit of 1292865236?
3
What is the ten millions digit of 4628597378?
2
What is the millions digit of 3159727524?
9
What is the thousands digit of 102409805?
9
What is the hundred thousands digit of 263405545?
4
What is the hundred millions digit of 997032870?
9
What is the hundred thousands digit of 12894332?
8
What is the hundreds digit of 60703056?
0
What is the hundred thousands digit of 6103455821?
4
What is the tens digit of 3631560?
6
What is the thousands digit of 21491242?
1
What is the tens digit of 2285996328?
2
What is the millions digit of 6303380017?
3
What is the thousands digit of 534738573?
8
What is the thousands digit of 93980423?
0
What is the tens digit of 15950484?
8
What is the thousands digit of 69036529?
6
What is the hundred thousands digit of 114170216?
1
What is the hundred thousands digit of 1843553493?
5
What is the hundreds digit of 2292171761?
7
What is the ten millions digit of 2996385789?
9
What is the units digit of 59897519?
9
What is the hundred thousands digit of 509792510?
7
What is the millions digit of 7743774?
7
What is the ten thousands digit of 3665221444?
2
What is the ten millions digit of 219976276?
1
What is the hundred millions digit of 290758931?
2
What is the ten thousands digit of 2787520425?
2
What is the hundreds digit of 3895524102?
1
What is the ten millions digit of 63305709?
6
What is the ten millions digit of 812423967?
1
What is the hundred thousands digit of 221041738?
0
What is the hundred thousands digit of 25716466?
7
What is the hundreds digit of 136630531?
5
What is the hundreds digit of 375909730?
7
What is the tens digit of 87657194?
9
What is the units digit of 5342970400?
0
What is the hundreds digit of 2408294933?
9
What is the hundreds digit of 3132129684?
6
What is the ten thousands digit of 100018687?
1
What is the thousands digit of 856424138?
4
What is the thousands digit of 600640267?
0
What is the hundred millions digit of 105544931?
1
What is the hundred millions digit of 271172132?
2
What is the hundreds digit of 808111191?
1
What is the ten millions digit of 60637342?
6
What is the thousands digit of 3819437473?
7
What is the units digit of 1732199799?
9
What is the tens digit of 774343771?
7
What is the thousands digit of 1499066180?
6
What is the millions digit of 1415003124?
5
What is the tens digit of 169543717?
1
What is the ten thousands digit of 975025928?
2
What is the thousands digit of 50777719?
7
What is the tens digit of 493911761?
6
What is the tens digit of 1291469617?
1
What is the ten millions digit of 31100417?
3
What is the millions digit of 925936799?
5
What is the thousands digit of 5307048227?
8
What is the thousands digit of 600854966?
4
What is the hundreds digit of 2949237281?
2
What is the ten thousands digit of 48575414?
7
What is the hundreds digit of 146385511?
5
What is the thousands digit of 50102864?
2
What is the hundred thousands digit of 252141626?
1
What is the hundreds digit of 7696201101?
1
What is the millions digit of 58856997?
8
What is the tens digit of 447328079?
7
What is the hundred millions digit of 3811179655?
8
What is the thousands digit of 107931400?
1
What is the ten thousands digit of 51763962?
6
What is the ten thousands digit of 7723773?
2
What is the ten thousands digit of 18380972?
8
What is the hundred thousands digit of 1286250865?
2
What is the hundred thousands digit of 1192122463?
1
What is the hundreds digit of 267534282?
2
What is the thousands digit of 89622317?
2
What is the tens digit of 113646261?
6
What is the ten thousands digit of 47934547?
3
What is the millions digit of 40781385?
0
What is the ten millions digit of 101247397?
0
What is the ten millions digit of 509145339?
0
What is the hundreds digit of 2299273897?
8
What is the millions digit of 326110907?
6
What is the ten millions digit of 649036837?
4
What is the ten thousands digit of 1909736760?
3
What is the ten thousands digit of 8743968?
4
What is the millions digit of 43822408?
3
What is the ten millions digit of 27286796?
2
What is the hundreds digit of 21691303?
3
What is the tens digit of 2711620719?
1
What is the units digit of 572390682?
2
What is the hundreds digit of 9227996598?
5
What is the hundred thousands digit of 84179822?
1
What is the tens digit of 4503524?
2
What is the hundred thousands digit of 27276505?
2
What is the ten millions digit of 367082222?
6
What is